
-1158b6b (base 14) to base 12
-2935937
Convert -11043333 (base 5) to base 10.
-96718
-84901 (base 11) to base 6
-2351542
What is -30015041 (base 7) in base 6?
-125013142
Convert 45dc (base 15) to base 13.
699c
213024333 (base 6) to base 16
39b841
Convert -664553 (base 8) to base 9.
-370638
What is 8b4b (base 13) in base 5?
1110443
Convert 213174 (base 9) to base 13.
45a5a
What is -1001101101100000011 (base 2) in base 9?
-534447
What is 1000101212111 (base 3) in base 7?
4404331
-1112023202 (base 5) to base 9
-4551317
Convert -1474a0a (base 12) to base 6.
-224342414
What is -2223333310 (base 4) in base 11?
-441335
Convert 1655512 (base 7) to base 14.
60a09
-3611838 (base 9) to base 7
-22426226
What is 105257 (base 12) in base 2?
111110111100100011
Convert -f26f (base 16) to base 4.
-33021233
22415530 (base 7) to base 5
1000011434
-61a3 (base 14) to base 2
-100000110100011
What is 1323 (base 6) in base 5?
2324
Convert -13030331223 (base 4) to base 13.
-511530
Convert -4534 (base 13) to base 11.
-72a7
Convert -674810 (base 9) to base 13.
-111a41
-1335104 (base 8) to base 6
-12013444
What is -4071b7 (base 14) in base 4?
-20101333231
What is -311138 (base 10) in base 7?
-2434052
Convert -47514 (base 13) to base 15.
-289e0
260327 (base 9) to base 5
20021412
What is -114020121 (base 5) in base 7?
-4345404
236623 (base 7) to base 5
2340221
What is 11031010 (base 5) in base 10?
95755
129a3b (base 16) to base 2
100101001101000111011
Convert -3033704 (base 8) to base 2.
-11000011011111000100
Convert -81ba83 (base 15) to base 11.
-3530a48
What is -2b2c (base 13) in base 14?
-2415
Convert -8a42914 (base 11) to base 3.
-1002211000201000
What is -14034311 (base 5) in base 7?
-1134101
5426094 (base 10) to base 13
117ca0b
What is -adc5f (base 16) in base 2?
-10101101110001011111
Convert -14002015 (base 6) to base 10.
-467003
-2023554 (base 11) to base 16
-3694e5
Convert 1230325 (base 6) to base 13.
241ac
3533403 (base 7) to base 13
127977
What is -13442110 (base 5) in base 3?
-21010102120
What is 8b627 (base 14) in base 7?
2610350
Convert 4233105 (base 6) to base 8.
623641
1010000001111011000001 (base 2) to base 14
4c62c1
Convert -4839bb (base 13) to base 15.
-240301
-111000001010101 (base 2) to base 16
-7055
What is -284e12 (base 15) in base 13?
-52c29b
What is -1205656 (base 7) in base 4?
-211123201
What is -818ee (base 16) in base 4?
-2001203232
Convert -110341131 (base 6) to base 15.
-29420a
61516356 (base 7) to base 2
10011101000101111000101
What is -52181 (base 12) in base 15?
-21c37
127355 (base 8) to base 9
67376
Convert 213a91 (base 13) to base 4.
2332110122
Convert 146a724 (base 11) to base 2.
1001100110101100100010
What is -110221200001 (base 3) in base 11?
-164575
Convert 14912478 (base 10) to base 8.
70705736
547a4 (base 12) to base 7
643504
-1819628 (base 10) to base 15
-25e238
Convert 11103722 (base 8) to base 10.
2394066
-21021022220102 (base 3) to base 6
-214454315
Convert -99508 (base 10) to base 14.
-2839a
What is -10721204 (base 8) in base 9?
-4348458
Convert -4ae3a (base 15) to base 14.
-6339d
Convert 1100010101111000000 (base 2) to base 7.
3303025
What is -21021220101111 (base 3) in base 15?
-518517
What is 10102100321 (base 4) in base 12?
462135
3d4d4 (base 15) to base 12
95b01
What is -b9c83 (base 14) in base 13?
-129924
What is -11a14a (base 11) in base 9?
-317446
-131024120 (base 6) to base 14
-4ac61a
Convert c626 (base 16) to base 10.
50726
Convert 166570 (base 10) to base 4.
220222222
30123100303 (base 4) to base 5
1313214040
-1101001101101100110001 (base 2) to base 3
-20111222200202
-5ac3 (base 13) to base 14
-496a
What is -2303056 (base 7) in base 4?
-1012001011
What is -14625263 (base 7) in base 5?
-324323031
3a9198 (base 15) to base 8
12572216
-14886 (base 11) to base 10
-21027
Convert -2030133 (base 6) to base 13.
-35364
Convert -100010101111010 (base 2) to base 9.
-26352
Convert -6871 (base 11) to base 5.
-242112
Convert 322274 (base 15) to base 9.
4436821
Convert 202203001 (base 4) to base 3.
21012002221
What is 22433303 (base 9) in base 7?
161352624
40695 (base 12) to base 10
83921
Convert -10222220120 (base 3) to base 14.
-20950
5db6 (base 16) to base 12
11a72
Convert -10554 (base 8) to base 9.
-6105
What is -367295 (base 10) in base 6?
-11512235
Convert c9725 (base 13) to base 15.
72b7e
805045 (base 13) to base 6
143522414
-346 (base 14) to base 13
-3b0
Convert -100000000011010000 (base 2) to base 14.
-35bb2
What is 132323024 (base 7) in base 5?
4140330443
82007 (base 9) to base 16
d2c1
What is 11100011100100111 (base 2) in base 4?
130130213
-1103310111 (base 4) to base 14
-8d189
-102054b (base 13) to base 10
-4884839
Convert -344907 (base 15) to base 16.
-26169d
What is 23211122212 (base 4) in base 13?
82435c
339021 (base 10) to base 8
1226115
Convert 31612642 (base 8) to base 7.
111265024
-44210 (base 13) to base 10
-123383
What is 20212200121000 (base 3) in base 12?
1283139
Convert 4a8a8 (base 14) to base 8.
545044
Convert 995b9 (base 15) to base 9.
822403
2a142 (base 12) to base 11
40318
What is -241d83 (base 16) in base 8?
-11016603
Convert -162672 (base 9) to base 6.
-2052532
What is 11430302011 (base 5) in base 6?
1201520532
What is 2104304413 (base 5) in base 13?
b9ca26
Convert 207543 (base 15) to base 4.
11320312023
Convert 22836 (base 12) to base 2.
1011010000101010
1012120000201 (base 3) to base 14
129762
What is 11210010111 (base 4) in base 14?
29d713
Convert 110110111111000110 (base 2) to base 11.
144238
2154203 (base 7) to base 11
17159a
426505 (base 9) to base 16
3e096
5205330 (base 9) to base 11
1629082
-126155 (base 7) to base 3
-1012120212
572815 (base 15) to base 3
21211100012102
What is 7cb38 (base 13) in base 2?
110111101101100101
-235000 (base 8) to base 15
-18c3e
What is 2221002221 (base 3) in base 10?
57670
Convert 316549 (base 13) to base 12.
479354
Convert -29514 (base 10) to base 3.
-1111111010
Convert 41078 (base 12) to base 3.
11022021102
What is -23b28 (base 16) in base 8?
-435450
What is 72443 (base 8) in base 5?
1424422
335b0c (base 14) to base 7
20554215
What is -12320124 (base 5) in base 11?
-82207
What is -7531571 (base 8) in base 10?
-2012025
Convert -a4ec76 (base 15) to base 8.
-35734647
Convert -290644 (base 10) to base 15.
-5b1b4
-273331 (base 15) to base 10
-1883971
Convert d0257 (base 14) to base 16.
7a0a5
Convert 19e417 (base 15) to base 9.
2334664
Convert 42ad (base 15) to base 8.
33441
101503 (base 6) to base 2
1111111101111
Convert 10011010100010001010000 (base 2) to base 6.
300311200
What is -1500431 (base 6) in base 12?
-41717
What is 1201406 (base 8) in base 11?
204855
What is 2204212433 (base 5) in base 2?
10010001001011011111011
-695c3 (base 15) to base 10
-335433
Convert 1240217 (base 10) to base 8.
4566231
-2a3b (base 12) to base 9
-6702
What is -1201201210022 (base 3) in base 10?
-919844
-13041 (base 12) to base 9
-38554
What is 130902 (base 11) in base 12?
9b301
Convert 5b385a (base 13) to base 8.
10237136
Convert -252cd3 (base 14) to base 15.
-1a3003
Convert -129576a (base 12) to base 2.
-1110000010011100000010
What is 1000310022 (base 4) in base 5?
31443412
2243167 (base 10) to base 8
10435137
Convert -411615 (base 13) to base 5.
-342020322
Convert 30d861 (base 15) to base 2.
1000110111010110110011
420a31 (base 12) to base 9
1852221
Convert 1032332321 (base 4) to base 12.
137275
Convert -3425334 (base 6) to base 12.
-8524a
Convert 3545216 (base 7) to base 15.
8cce2
Convert 7424ba (base 14) to base 11.
22408a2
What is -224004 (base 6) in base 8?
-45104
Convert -2012222 (base 7) to base 10.
-238499
What is 22110110012220 (base 3) in base 15?
5dc506
-2b2145 (base 14) to base 6
-52122453
7aa0b (base 12) to base 3
22022210202
-2f7a3 (base 16) to base 3
-100212202111
-5024954 (base 11) to base 6
-514341515
What is -140533 (base 7) in base 12?
-13534
Convert 10341304 (base 5) to base 10.
90204
What is 20eb4d (base 15) in base 12?
637884
What is 1231471 (base 8) in base 16?
53339
What is -567032 (base 8) in base 14?
-4dda2
-1322014143 (base 5) to base 7
-40110566
What is -552413 (base 13) in base 6?
-110543232
-15567 (base 14) to base 8
-147727
181226 (base 11) to base 10
279780
What is 103115455 (base 6) in base 2?
110111110110000011011
What is 4121202342 (base 5) in ba